 h(z) = 13389*z + 120434. What is h(-9)?
-67
Let l(a) = 6932*a**2 - 6940*a - 2. Calculate l(1).
-10
Let m(d) = 24*d**2 + 8015*d - 16401. Calculate m(-336).
63
Let x(q) = -5*q**3 - 87*q**2 + 30*q - 242. Give x(-18).
190
Let w(j) = -4404*j - 295034. Give w(-67).
34
Let d(n) = 4*n**3 - 213*n**2 + 1059*n - 53312. Determine d(53).
6
Let t(f) = -2*f**3 - 486*f**2 + 1972*f - 22. Calculate t(4).
-38
Let i(j) = -3925*j**2 + 11881*j + 18. Calculate i(3).
336
Let v(q) = 4*q**3 - 60*q**2 - 9*q + 900. What is v(14)?
-10
Let k(l) = -2*l**3 + 18*l**2 + 669*l - 6040. What is k(9)?
-19
Let v(a) = -1045*a + 101387. Determine v(97).
22
Let j(k) = 15*k**3 - 54*k**2 - 53*k + 4. Determine j(-1).
-12
Let m(f) = -120*f - 15694. Determine m(-103).
-3334
Let l(p) = -35*p + 1409. Determine l(46).
-201
Let o(c) = -103*c**2 - 22*c - 323. Determine o(-4).
-1883
Let a(z) = -145*z**3 - 2611*z**2 + 107*z + 2243. Give a(-18).
-7
Let r(y) = 2427*y**2 + 13009*y + 4360. Give r(-5).
-10
Let f(x) = x**3 + 32*x**2 + 26*x - 917. Give f(-29).
852
Let k(d) = 26352*d + 3030498. Give k(-115).
18
Let d(s) = 9*s**2 - 2530*s - 5060. What is d(-2)?
36
Let t(u) = 21987*u - 11147414. Give t(507).
-5
Let z(s) = -83490*s + 15278669. Calculate z(183).
-1
Let c(p) = 179*p - 22. Give c(2).
336
Let d(t) = 36923*t - 258525. What is d(7)?
-64
Let f(b) = 9*b**3 - 17*b**2 + 374*b - 373. Determine f(1).
-7
Let y(m) = m**2 + 28*m - 3. Determine y(18).
825
Let i(j) = -86503*j - 1211049. Calculate i(-14).
-7
Let d(w) = 407*w**2 - 74*w - 135. Give d(-2).
1641
Let a(z) = -1988*z - 35340. Determine a(-18).
444
Let b(z) = -10210*z - 10192. Determine b(-1).
18
Let c(v) = 598*v - 9315. What is c(14)?
-943
Let b(l) = -87*l**2 + 1788*l - 83. What is b(21)?
-902
Let i(f) = f**3 - 13*f**2 + 589*f - 4435. Determine i(8).
-43
Let p(b) = 2*b**2 - 3898*b + 316893. Determine p(85).
13
Let v(a) = 2040*a + 836357. Determine v(-410).
-43
Let n(l) = -2*l**2 - 21163*l - 1492499. Calculate n(-71).
-8
Let b(j) = -j**3 + 1477*j**2 - 69963*j - 444. Determine b(49).
-3
Let k(b) = 2*b**3 + 94*b**2 + 276*b + 38. What is k(-3)?
2
Let t(k) = 605*k - 7933. Determine t(13).
-68
Let j(a) = 60*a + 1649. Determine j(-35).
-451
Let z(m) = 92363*m - 1108378. Determine z(12).
-22
Let i(y) = 2*y**2 + 11228*y + 8. Calculate i(0).
8
Let z(t) = -t**3 + 6*t**2 - 80857*t + 566050. Determine z(7).
2
Let s(t) = 2034*t + 119735. Calculate s(-59).
-271
Let q(k) = -3854*k - 146201. What is q(-38)?
251
Let s(c) = 5*c**3 - 43*c**2 + 21*c - 24. What is s(9)?
327
Let v(q) = -q**2 + 29*q + 1993. Give v(-44).
-1219
Let l(c) = -3*c**2 + 882*c - 30090. Give l(38).
-906
Let n(s) = -181*s**2 - 6793*s - 9970. Give n(-36).
2
Let w(u) = -22549*u - 270566. Determine w(-12).
22
Let v(j) = -51*j**2 - 165*j - 509. Give v(-3).
-473
Let i(p) = -19*p**2 + 502*p - 1875. What is i(22)?
-27
Let d(b) = b**3 - 1059*b**2 + 23803*b + 25900. What is d(1036)?
0
Let a(j) = -49405*j - 9238749. Give a(-187).
-14
Let z(j) = 292*j**2 - 9926*j - 61. Calculate z(34).
7
Let x(g) = -2*g**2 + 23299*g - 5118626. Calculate x(224).
-2
Let l(k) = -1136*k - 4277. Give l(-4).
267
Let q(z) = 4*z**2 + 85*z + 1353. Give q(-20).
1253
Let v(o) = o**3 + 61*o**2 + 115*o - 210. Calculate v(-59).
-33
Let k(v) = 5*v**2 + 231*v + 1605. What is k(-9)?
-69
Let s(n) = -4844*n + 4928. Determine s(1).
84
Let f(i) = 35*i**2 - 1120*i + 6726. What is f(24)?
6
Let a(z) = 85*z + 24511. Give a(-291).
-224
Let x(r) = -r**2 - 155*r - 4762. Give x(-40).
-162
Let m(k) = 823*k**3 - 20*k**2 + 545*k - 545. Give m(1).
803
Let f(n) = -n**2 - 4027*n - 739904. Calculate f(-193).
58
Let w(z) = 60828*z + 486670. What is w(-8)?
46
Let v(q) = -q**3 - 21*q**2 - 36*q - 165. Give v(-19).
-203
Let u(o) = -629*o**2 + 764*o - 117. Calculate u(1).
18
Let o(y) = 3695*y + 7300. What is o(-2)?
-90
Let o(c) = -c**3 + 938*c**2 + 3047*c - 210783. Determine o(941).
1
Let d(q) = 14*q**3 + 852*q**2 - 158*q - 2229. Calculate d(-61).
-33
Let y(u) = -72673*u - 34. Give y(0).
-34
Let k(j) = 212*j**2 + 2289*j + 6. Calculate k(-11).
479
Let p(o) = -32697*o**2 + 196215*o - 204. What is p(6)?
-6
Let c(r) = r**3 - 9*r**2 - 28*r + 533. Determine c(7).
239
Let s(f) = 9*f**3 + 1847*f**2 + 409*f - 215. What is s(-205)?
-10
Let h(f) = f**3 + 6*f**2 + 454*f + 1794. Calculate h(-4).
10
Let w(q) = -q**2 + 37280*q + 634031. What is w(-17)?
-18
Let f(u) = 2*u**3 - 28*u**2 + 303*u - 3678. Give f(13).
-77
Let x(m) = 30*m**3 - 13*m**2 + 19*m + 2. What is x(-3)?
-982
Let r(f) = 11*f**2 + 7048*f - 23487. What is r(-644)?
-303
Let r(k) = -k**2 - 36061*k + 252483. What is r(7)?
7
Let u(p) = p**3 + 15*p**2 - 169*p - 296. What is u(9)?
127
Let t(b) = -5*b**2 + 798*b + 6700. What is t(-8)?
-4
Let g(o) = -123*o + 7148. Calculate g(58).
14
Let b(j) = -j**3 - 35*j**2 - 208*j + 1737. Give b(-21).
-69
Let p(k) = -k**2 - 28*k - 354. Determine p(-4).
-258
Let s(d) = -2*d**2 + 5502*d + 49677. What is s(-9)?
-3
Let u(q) = q**3 - 112*q**2 - 3241*q - 20723. What is u(-11)?
45
Let d(u) = 467*u**2 - 270*u - 812. What is d(-3)?
4201
Let j(s) = 47772*s + 10414265. Give j(-218).
-31
Let c(i) = -2377*i - 9624. Determine c(-4).
-116
Let m(y) = 98728*y - 197795. Calculate m(2).
-339
Let y(h) = -9*h**2 - 999*h - 4526. Determine y(-106).
244
Let k(s) = 3884*s + 19431. Give k(-5).
11
Let l(i) = 125*i**2 + 34*i - 65. Give l(3).
1162
Let b(k) = 11479*k + 195151. Determine b(-17).
8
Let n(c) = 157*c**2 + 1143*c - 5745. What is n(5)?
3895
Let w(s) = 161*s**2 - 1759*s - 133. Give w(11).
-1
Let b(y) = -5*y**3 - y**2 + 88*y - 207. Calculate b(8).
-2127
Let m(x) = 15*x - 1185. What is m(67)?
-180
Let b(q) = -q**2 - 32*q + 14. What is b(14)?
-630
Let q(r) = 167*r + 18676. Determine q(-105).
1141
Let r(p) = p**2 + 59*p - 3484. Give r(-95).
-64
Let k(u) = -u**3 - 323*u**2 - 437*u + 411. Determine k(-2).
1
Let o(x) = -69*x**2 + 3521*x - 6. Give o(51).
96
Let d(m) = m**2 - 185461*m - 1483745. Give d(-8).
7
Let g(y) = y**3 - 65*y**2 - 92*y + 1135. What is g(66)?
-581
Let d(z) = 3*z**2 - 284*z + 1108. Calculate d(4).
20
Let d(j) = -6*j**2 + 6042*j + 592382. Calculate d(1097).
2
Let u(z) = 3*z**3 - 296*z**2 + 1069*z - 139. What is u(95)?
2141
Let i(g) = -4055*g**2 - 48660*g + 6. Determine i(-12).
6
Let s(y) = -4*y**2 + 364*y + 7339. What is s(-17)?
-5
Let l(v) = 3*v**2 - 455*v + 412. Determine l(151).
110
Let k(c) = 18*c**3 + 90*c**2 + 82*c + 10. Give k(-2).
62
Let t(m) = -13*m**3 - 716*m**2 - 119*m - 3519. What is t(-55)?
1
Let c(o) = 374284*o + 2619940. Calculate c(-7).
-48
Let p(c) = -75*c**2 + 248*c + 11. Determine p(4).
-197
Let a(h) = -5*h**2 + 3952*h - 707970. Determine a(516).
-18
Let u(l) = 2*l**2 - 605*l + 44973. What is u(171)?
0
Let q(w) = 16*w**2 - 1866*w - 773. Determine q(117).
-71
Let v(c) = c**3 + 39*c**2 + 79*c + 4982. What is v(-41)?
-1619
Let x(y) = 12*y**2 + 425*y + 15. Give x(6).
2997
Let t(q) = q**3 - 62*q**2 + 478*q + 2204. Give t(52).
20
Let v(n) = 364*n + 5560. Give v(-18).
-992
Let l(w) = 2*w**3 + 528*w**2 + 623*w + 164476. Determine l(-264).
4
Let s(k) = -122517*k - 10658981. Determine s(-87).
-2
Let j(d) = -870*d + 77425. Give j(89).
-5
Let l(t) = -6733*t - 329871. What is l(-49)?
46
Let q(v) = -11*v**3 - 253*v**2 - 1452*v + 28. Calculate q(-12).
28
Let n(z) = -112*z - 620. Determine n(-7).
164
Let i(v) = 76*v**3 + 1293*v**2 - 1568*v - 26943. Determine i(-17).
2
Let c(f) = 220*f**2 + 33264*f - 33268. Give c(1).
216
Let t(h) = -453*h - 3222. Give t(-9).
855
Let f(i) = 932*i + 9679. Give f(-10).
359
Let a(t) = 23776*t - 262692. What is a(11)?
-1156
Let x(l) = -1890*l - 6982. Give x(-4).
578
Let d(i) = i**2 - 22*i - 12036. Calculate d(-99).
-57
Let y(u) = -5*u**2 + 90*u - 309. Calculate y(13).
16
Let b(q) = -876*q**2 - 28911*q + 31. Calculate b(-33).
130
Let j(y) = y**2 - 23196*y + 394049. Give j(17).
6
Let o(n) = 2*n**2 + 8089*n + 8141871. What is o(-1886)?
9
Let f(t) = -18*t**3 + 122*t**2 + 101*t - 1. What is f(-1)?
38
Let o(l) = 2*l**2 - 121*l - 1642. Give o(72).
14
Let z(q) = 10*q**3 - 219*q**2 - 1147*q - 180. Calculate z(-5).
-1170
Let m(a) = 523*a + 87312. Give m(-167).
-29
Let m(u) = -3*u**3 - 54*u**2 + 835*u + 44. Calculate m(-28).
184
Let k(o) = -o**2 - 508*o - 48669. Determine k(-127).
-282
Let n(b) = -b**3 - 49*b**2 + 428*b + 24536. Calculate n(-47).
2
Let g(t) = -7*t**2 - 1